{"id":23911,"date":"2025-06-10T10:56:55","date_gmt":"2025-06-10T10:56:55","guid":{"rendered":"https:\/\/studiokappa.it\/test\/?post_type=product&#038;p=23911"},"modified":"2025-06-10T11:11:46","modified_gmt":"2025-06-10T11:11:46","slug":"la-definition-collective-du-projet-associatif","status":"publish","type":"product","link":"https:\/\/studiokappa.it\/test\/product\/la-definition-collective-du-projet-associatif\/","title":{"rendered":"La d\u00e9finition collective<br>du projet associatif"},"content":{"rendered":"<p>La d\u00e9finition collective du projet associatif d\u2019une structure d\u2019Education Populaire. R\u00e9flexions et m\u00e9thodes sur comment d\u00e9finir le projet asso-ciatif d\u2019une structure, en prenant comme exemple celui de l\u2019Association Latitudes (Avignon), di Giulia Marro<\/p>\n","protected":false},"excerpt":{"rendered":"<p>Autrice: Giulia Marro<\/p>\n","protected":false},"featured_media":23899,"template":"","meta":{"_acf_changed":false,"_eb_attr":""},"product_brand":[],"product_cat":[97],"product_tag":[],"class_list":{"0":"post-23911","1":"product","2":"type-product","3":"status-publish","4":"has-post-thumbnail","6":"product_cat-giulia-marro","8":"first","9":"instock","10":"shipping-taxable","11":"product-type-external"},"acf":[],"_links":{"self":[{"href":"https:\/\/studiokappa.it\/test\/wp-json\/wp\/v2\/product\/23911","targetHints":{"allow":["GET"]}}],"collection":[{"href":"https:\/\/studiokappa.it\/test\/wp-json\/wp\/v2\/product"}],"about":[{"href":"https:\/\/studiokappa.it\/test\/wp-json\/wp\/v2\/types\/product"}],"wp:featuredmedia":[{"embeddable":true,"href":"https:\/\/studiokappa.it\/test\/wp-json\/wp\/v2\/media\/23899"}],"wp:attachment":[{"href":"https:\/\/studiokappa.it\/test\/wp-json\/wp\/v2\/media?parent=23911"}],"wp:term":[{"taxonomy":"product_brand","embeddable":true,"href":"https:\/\/studiokappa.it\/test\/wp-json\/wp\/v2\/product_brand?post=23911"},{"taxonomy":"product_cat","embeddable":true,"href":"https:\/\/studiokappa.it\/test\/wp-json\/wp\/v2\/product_cat?post=23911"},{"taxonomy":"product_tag","embeddable":true,"href":"https:\/\/studiokappa.it\/test\/wp-json\/wp\/v2\/product_tag?post=23911"}],"curies":[{"name":"wp","href":"https:\/\/api.w.org\/{rel}","templated":true}]}}

La définition collective<br>du projet associatif

<p>La définition collective du projet associatif d’une structure d’Education Populaire. Réflexions et méthodes sur comment définir le projet asso-ciatif d’une structure, en prenant comme exemple celui de l’Association Latitudes (Avignon), di Giulia Marro</p>
