{"id":211,"date":"2024-05-30T12:27:22","date_gmt":"2024-05-30T12:27:22","guid":{"rendered":"https:\/\/coral-reindeer-219190.hostingersite.com\/?post_type=product&#038;p=211"},"modified":"2025-06-11T13:06:50","modified_gmt":"2025-06-11T13:06:50","slug":"comunita-che-innovano","status":"publish","type":"product","link":"https:\/\/studiokappa.it\/test\/product\/comunita-che-innovano\/","title":{"rendered":"Comunit\u00e0<br>che innovano"},"content":{"rendered":"<p>Accanto a forme di intolleranza e di sfiducia nell&#8217;altro e nelle istituzioni, a comunit\u00e0 chiuse ed espulsive, si fanno spazio iniziative resilienti con una carica di energia e di progettualit\u00e0 genuinamente orientata al miglioramento delle opportunit\u00e0 per tutti i membri della comunit\u00e0. Nascono da quel senso civile che ha nutrito la crescita delle istituzioni politiche e sociali italiane ed europee permettendo che un modello unico di welfare nascesse proprio in questa area del mondo. Sono forme di welfare complementare a quello che garantisce protezione sociale pubblica e universalistica.<br \/>\nIl volume affronta il tema della partecipazione delle comunit\u00e0 locali allo sviluppo di programmi di intervento per ridurre l&#8217;impoverimento nei territori. I diversi saggi concentrano l&#8217;attenzione su strategie, metodologie, pratiche che ricercano l&#8217;efficacia attraverso la combinazione di persone e organizzazioni diverse (membri della Pubblica Amministrazione, cittadini, creativi, professionisti, associazioni, imprese). Il libro \u00e8 frutto di esperienze di ricerca-azione, di conversazioni tra discipline, geografie e ruoli. L&#8217;innovazione sociale, mettendo in relazione attori e ambiti altrimenti non collegati, pone l&#8217;accento sul contributo all&#8217;evoluzione dei propri ambienti di vita da persone diverse che abitano una comunit\u00e0 e diventa il veicolo per la creazione di nuovi assetti organizzativi su base territoriale.<br \/>\nUn&#8217;innovazione sociale in cui la costruzione del benessere degli abitanti di un luogo diventa azione collettiva.<\/p>\n","protected":false},"excerpt":{"rendered":"<p><strong>Author Name<\/strong> : Anna Zumbo<\/p>\n","protected":false},"featured_media":23875,"template":"","meta":{"_acf_changed":false,"_eb_attr":""},"product_brand":[92],"product_cat":[89],"product_tag":[],"class_list":{"0":"post-211","1":"product","2":"type-product","3":"status-publish","4":"has-post-thumbnail","6":"product_brand-anna-zumbo","7":"product_cat-anna-zumbo","9":"first","10":"instock","11":"shipping-taxable","12":"product-type-external"},"acf":[],"_links":{"self":[{"href":"https:\/\/studiokappa.it\/test\/wp-json\/wp\/v2\/product\/211","targetHints":{"allow":["GET"]}}],"collection":[{"href":"https:\/\/studiokappa.it\/test\/wp-json\/wp\/v2\/product"}],"about":[{"href":"https:\/\/studiokappa.it\/test\/wp-json\/wp\/v2\/types\/product"}],"wp:featuredmedia":[{"embeddable":true,"href":"https:\/\/studiokappa.it\/test\/wp-json\/wp\/v2\/media\/23875"}],"wp:attachment":[{"href":"https:\/\/studiokappa.it\/test\/wp-json\/wp\/v2\/media?parent=211"}],"wp:term":[{"taxonomy":"product_brand","embeddable":true,"href":"https:\/\/studiokappa.it\/test\/wp-json\/wp\/v2\/product_brand?post=211"},{"taxonomy":"product_cat","embeddable":true,"href":"https:\/\/studiokappa.it\/test\/wp-json\/wp\/v2\/product_cat?post=211"},{"taxonomy":"product_tag","embeddable":true,"href":"https:\/\/studiokappa.it\/test\/wp-json\/wp\/v2\/product_tag?post=211"}],"curies":[{"name":"wp","href":"https:\/\/api.w.org\/{rel}","templated":true}]}}

Comunità<br>che innovano

<p>Accanto a forme di intolleranza e di sfiducia nell&#8217;altro e nelle istituzioni, a comunità chiuse ed espulsive, si fanno spazio iniziative resilienti con una carica di energia e di progettualità genuinamente orientata al miglioramento delle opportunità per tutti i membri della comunità. Nascono da quel senso civile che ha nutrito la crescita delle istituzioni politiche e sociali italiane ed europee permettendo che un modello unico di welfare nascesse proprio in questa area del mondo. Sono forme di welfare complementare a quello che garantisce protezione sociale pubblica e universalistica.<br />
Il volume affronta il tema della partecipazione delle comunità locali allo sviluppo di programmi di intervento per ridurre l&#8217;impoverimento nei territori. I diversi saggi concentrano l&#8217;attenzione su strategie, metodologie, pratiche che ricercano l&#8217;efficacia attraverso la combinazione di persone e organizzazioni diverse (membri della Pubblica Amministrazione, cittadini, creativi, professionisti, associazioni, imprese). Il libro è frutto di esperienze di ricerca-azione, di conversazioni tra discipline, geografie e ruoli. L&#8217;innovazione sociale, mettendo in relazione attori e ambiti altrimenti non collegati, pone l&#8217;accento sul contributo all&#8217;evoluzione dei propri ambienti di vita da persone diverse che abitano una comunità e diventa il veicolo per la creazione di nuovi assetti organizzativi su base territoriale.<br />
Un&#8217;innovazione sociale in cui la costruzione del benessere degli abitanti di un luogo diventa azione collettiva.</p>
