{"id":8719,"date":"2017-03-18T14:43:47","date_gmt":"2017-03-18T14:43:47","guid":{"rendered":"http:\/\/www.studiokappa.it\/?page_id=8719"},"modified":"2017-03-18T14:43:47","modified_gmt":"2017-03-18T14:43:47","slug":"programma-elettorale-partecipato","status":"publish","type":"page","link":"https:\/\/studiokappa.it\/test\/programma-elettorale-partecipato\/","title":{"rendered":"Programma Elettorale Partecipato"},"content":{"rendered":"<p><strong><span style=\"color: #6600ff;font-size: medium\">Il Programma Elettorale Partecipato<\/span><\/strong><br \/>\n<em><span style=\"color: #6600ff;font-size: medium\">Il processo partecipato di stesura del programma elettorale<\/span><\/em><\/p>\n<div align=\"center\">[slideshow_deploy id=&#8217;8730&#8242;]<\/div>\n<p>In vista delle prossime elezioni amministrative ad Asti, una delle liste in lizza per la competizione elettorale ha incaricato <a style=\"text-decoration: none\" title=\"Simone Deflorian\" href=\"http:\/\/www.studiokappa.it\/?page_id=108\" target=\"_self\"><strong>Simone Deflorian<\/strong><\/a>, esperto di processi partecipativi, della predisposizione di un piano per la stesura partecipata del programma elettorale.<\/p>\n<p>&#8220;<em>Quando gruppi politici, movimenti, comitati e liste mi richiedono una consulenza per la realizzazione di programmi elettorali insieme con la gente, io sono sempre piuttosto guardingo e sospettoso. Molto frequentemente tali richieste sono finalizzate unicamente alla competizione elettorale e non ad un interesse a sviluppare partecipazione, democrazia e cittadinanze attive nei quartieri<\/em>&#8220;, sostiene <a style=\"text-decoration: none\" title=\"Simone Deflorian\" href=\"http:\/\/www.studiokappa.it\/?page_id=108\" target=\"_self\"><strong>Simone Deflorian<\/strong><\/a>.<\/p>\n<p>&#8220;<em>Ricordo un caso in cui un importante consigliere regionale mi contatt\u00f2 in prossimit\u00e0 di una scadenza elettorale, per verificare come potessi essere utile a mobilitare la partecipazione, in vista della sfida elettorale. <\/p>\n<p>Io chiesi al consigliere quale fosse il piano che avevano in mente relativamente alle politiche di sostegno e sviluppo della partecipazione dei cittadini. <\/p>\n<p>Questi mi rispose che il loro partito era fervido sostenitore della partecipazione democratica dei cittadini. Poi, per meglio comprendere, gli chiesi quali interventi specifici intendessero mettere in campo su questo tema dopo le elezioni, nel caso di vittoria elettorale.<\/p>\n<p>La risposta fu che intendevano promuovere la partecipazione dei cittadini, ma che avrebbero poi valutato successivamente quali interventi e quali politiche mettere in atto relativamente alla partecipazione dei cittadini.<\/p>\n<p>L&#8217;incontro si concluse l\u00ec. Risposi che ero disponibile solo ad un incarico che prevedesse gi\u00e0 fin da ora uno sviluppo di tale politica per l&#8217;intero mandato elettorale, ovviamente nel caso di vittoria elettorale<\/em>&#8220;.<\/p>\n<p>&#8220;<em>Quando si verificano queste situazioni, spesso non si tratta di ricerca e di interesse per la partecipazione, quando piuttosto manipolazione e strumentalizzazione della gente a meri scopi di consenso elettorale. Tale modalit\u00e0 \u00e8 antipartecipativa per definizione, cio\u00e8 allontana e disillude la partecipazione della gente alla costruzione di politiche di sviluppo locale<\/em>&#8220;, conclude <a style=\"text-decoration: none\" title=\"Simone Deflorian\" href=\"http:\/\/www.studiokappa.it\/?page_id=108\" target=\"_self\"><strong>Simone Deflorian<\/strong><\/a>.<\/p>\n<p>In questa occasione, il consulente ha individuato che nella richiesta della lista ci fossero gli estremi per rintracciare la linea dello sviluppo urbano partecipato come asse portante degli indirizzi che tale raggruppamento intendeva portare avanti.<\/p>\n<p>La campagna elettorale partecipata \u00e8 articolata con un momento di lancio che d\u00e0 il via ad assemblee aperte nei diversi quartieri cittadini per raccogliere bisogni, spunti e sogni degli abitanti.<br \/>\nSpunti, bisogni, sogni, idee e progetti vengono elaborati e sistematizzati (codificati e decodificati) e sono poi presentati in una grande assemblea plurale aperta nel centro cittadino.<\/p>\n<p>Nel corso di tale assemblea, gli abitanti che liberamente scelgono di essere presenti, definiscono le priorit\u00e0 tra tutti i temi raccolti durante le assemblee nei quartieri.<\/p>\n<p>Tali priorit\u00e0 diventano parte costitutiva del Programma Elettorale Partecipato.<\/p>\n<p>Contestualmente, nel caso di vittoria elettorale, la lista si fa carico della responsabilit\u00e0 di rendicontare il raggiungimento degli impegni assunti nel programma partecipato, attraverso assemblee pubbliche e aperte nei quartieri e attraverso la realizzazione di sedute del Consiglio Comunale effettuate all&#8217;aperto nelle piazze dei quartieri coinvolti dagli specifici Ordini del Giorno.<\/p>\n<p>La lista e il consulente segnalano che gi\u00e0 riuscire a realizzare tale piano partecipato di stesura del Programma Elettorale \u00e8 una vittoria di per s\u00e8, in quanto i cittadini hanno potuto sperimentare in prima persona un modo diverso di governare l&#8217;amministrazione pubblica e i beni comuni.<\/p>\n<p><em><br \/>\n<\/em><br \/>\nArticolo a cura di<br \/>\n<a href=\"http:\/\/www.studiokappa.it\/?page_id=108\"><img decoding=\"async\" class=\"alignleft size-full wp-image-134\" style=\"margin-left: 10px;margin-right: 10px\" title=\"Simone Deflorian\" src=\"http:\/\/www.studiokappa.it\/wp-content\/uploads\/2012\/04\/Simone_DeflorianNEW.jpg\" alt=\"Chiara Dallavalle\" width=\"54\" height=\"64\" \/><\/a><a style=\"text-decoration: none\" title=\"Simone Deflorian\" href=\"http:\/\/www.studiokappa.it\/?page_id=108\" target=\"_self\"><strong>Simone Deflorian<\/strong><\/a><\/p>\n<p><a style=\"text-decoration: none\" title=\"Simone Deflorian\" href=\"http:\/\/www.studiokappa.it\/?page_id=108\" target=\"_self\"><em>Sviluppo Partecipato di Citt\u00e0 e Organizzazioni<\/em><\/a><br \/>\n<em><br \/>\n<\/em><br \/>\n<span style=\"text-align: left\"><a style=\"text-decoration: none\" title=\"Vai alla Rassegna Stampa\" href=\"http:\/\/www.studiokappa.it\/?page_id=440\">Vai alla Rassegna Stampa<\/a><\/span><\/p>\n","protected":false},"excerpt":{"rendered":"<p>Il Programma Elettorale Partecipato Il processo partecipato di stesura del programma elettorale [slideshow_deploy id=&#8217;8730&#8242;] In vista delle prossime elezioni amministrative ad Asti, una delle liste in lizza per la competizione elettorale ha incaricato Simone Deflorian, esperto di processi partecipativi, della predisposizione di un piano per la stesura partecipata del programma elettorale. &#8220;Quando gruppi politici, movimenti, [&hellip;]<\/p>\n","protected":false},"author":16,"featured_media":0,"parent":0,"menu_order":0,"comment_status":"closed","ping_status":"closed","template":"","meta":{"_acf_changed":false,"_eb_attr":"","footnotes":""},"class_list":["post-8719","page","type-page","status-publish","hentry"],"acf":[],"rttpg_featured_image_url":null,"rttpg_author":{"display_name":"admin","author_link":"https:\/\/studiokappa.it\/test\/author\/admin\/"},"rttpg_comment":0,"rttpg_category":null,"rttpg_excerpt":"Il Programma Elettorale Partecipato Il processo partecipato di stesura del programma elettorale [slideshow_deploy id=&#8217;8730&#8242;] In vista delle prossime elezioni amministrative ad Asti, una delle liste in lizza per la competizione elettorale ha incaricato Simone Deflorian, esperto di processi partecipativi, della predisposizione di un piano per la stesura partecipata del programma elettorale. &#8220;Quando gruppi politici, movimenti,&hellip;","_links":{"self":[{"href":"https:\/\/studiokappa.it\/test\/wp-json\/wp\/v2\/pages\/8719","targetHints":{"allow":["GET"]}}],"collection":[{"href":"https:\/\/studiokappa.it\/test\/wp-json\/wp\/v2\/pages"}],"about":[{"href":"https:\/\/studiokappa.it\/test\/wp-json\/wp\/v2\/types\/page"}],"author":[{"embeddable":true,"href":"https:\/\/studiokappa.it\/test\/wp-json\/wp\/v2\/users\/16"}],"replies":[{"embeddable":true,"href":"https:\/\/studiokappa.it\/test\/wp-json\/wp\/v2\/comments?post=8719"}],"version-history":[{"count":0,"href":"https:\/\/studiokappa.it\/test\/wp-json\/wp\/v2\/pages\/8719\/revisions"}],"wp:attachment":[{"href":"https:\/\/studiokappa.it\/test\/wp-json\/wp\/v2\/media?parent=8719"}],"curies":[{"name":"wp","href":"https:\/\/api.w.org\/{rel}","templated":true}]}}

<p><strong><span style="color: #6600ff;font-size: medium">Il Programma Elettorale Partecipato</span></strong><br />
<em><span style="color: #6600ff;font-size: medium">Il processo partecipato di stesura del programma elettorale</span></em></p>
<div align="center">[slideshow_deploy id=&#8217;8730&#8242;]</div>
<p>In vista delle prossime elezioni amministrative ad Asti, una delle liste in lizza per la competizione elettorale ha incaricato <a style="text-decoration: none" title="Simone Deflorian" href="http://www.studiokappa.it/?page_id=108" target="_self"><strong>Simone Deflorian</strong></a>, esperto di processi partecipativi, della predisposizione di un piano per la stesura partecipata del programma elettorale.</p>
<p>&#8220;<em>Quando gruppi politici, movimenti, comitati e liste mi richiedono una consulenza per la realizzazione di programmi elettorali insieme con la gente, io sono sempre piuttosto guardingo e sospettoso. Molto frequentemente tali richieste sono finalizzate unicamente alla competizione elettorale e non ad un interesse a sviluppare partecipazione, democrazia e cittadinanze attive nei quartieri</em>&#8220;, sostiene <a style="text-decoration: none" title="Simone Deflorian" href="http://www.studiokappa.it/?page_id=108" target="_self"><strong>Simone Deflorian</strong></a>.</p>
<p>&#8220;<em>Ricordo un caso in cui un importante consigliere regionale mi contattò in prossimità di una scadenza elettorale, per verificare come potessi essere utile a mobilitare la partecipazione, in vista della sfida elettorale. </p>
<p>Io chiesi al consigliere quale fosse il piano che avevano in mente relativamente alle politiche di sostegno e sviluppo della partecipazione dei cittadini. </p>
<p>Questi mi rispose che il loro partito era fervido sostenitore della partecipazione democratica dei cittadini. Poi, per meglio comprendere, gli chiesi quali interventi specifici intendessero mettere in campo su questo tema dopo le elezioni, nel caso di vittoria elettorale.</p>
<p>La risposta fu che intendevano promuovere la partecipazione dei cittadini, ma che avrebbero poi valutato successivamente quali interventi e quali politiche mettere in atto relativamente alla partecipazione dei cittadini.</p>
<p>L&#8217;incontro si concluse lì. Risposi che ero disponibile solo ad un incarico che prevedesse già fin da ora uno sviluppo di tale politica per l&#8217;intero mandato elettorale, ovviamente nel caso di vittoria elettorale</em>&#8220;.</p>
<p>&#8220;<em>Quando si verificano queste situazioni, spesso non si tratta di ricerca e di interesse per la partecipazione, quando piuttosto manipolazione e strumentalizzazione della gente a meri scopi di consenso elettorale. Tale modalità è antipartecipativa per definizione, cioè allontana e disillude la partecipazione della gente alla costruzione di politiche di sviluppo locale</em>&#8220;, conclude <a style="text-decoration: none" title="Simone Deflorian" href="http://www.studiokappa.it/?page_id=108" target="_self"><strong>Simone Deflorian</strong></a>.</p>
<p>In questa occasione, il consulente ha individuato che nella richiesta della lista ci fossero gli estremi per rintracciare la linea dello sviluppo urbano partecipato come asse portante degli indirizzi che tale raggruppamento intendeva portare avanti.</p>
<p>La campagna elettorale partecipata è articolata con un momento di lancio che dà il via ad assemblee aperte nei diversi quartieri cittadini per raccogliere bisogni, spunti e sogni degli abitanti.<br />
Spunti, bisogni, sogni, idee e progetti vengono elaborati e sistematizzati (codificati e decodificati) e sono poi presentati in una grande assemblea plurale aperta nel centro cittadino.</p>
<p>Nel corso di tale assemblea, gli abitanti che liberamente scelgono di essere presenti, definiscono le priorità tra tutti i temi raccolti durante le assemblee nei quartieri.</p>
<p>Tali priorità diventano parte costitutiva del Programma Elettorale Partecipato.</p>
<p>Contestualmente, nel caso di vittoria elettorale, la lista si fa carico della responsabilità di rendicontare il raggiungimento degli impegni assunti nel programma partecipato, attraverso assemblee pubbliche e aperte nei quartieri e attraverso la realizzazione di sedute del Consiglio Comunale effettuate all&#8217;aperto nelle piazze dei quartieri coinvolti dagli specifici Ordini del Giorno.</p>
<p>La lista e il consulente segnalano che già riuscire a realizzare tale piano partecipato di stesura del Programma Elettorale è una vittoria di per sè, in quanto i cittadini hanno potuto sperimentare in prima persona un modo diverso di governare l&#8217;amministrazione pubblica e i beni comuni.</p>
<p><em><br />
</em><br />
Articolo a cura di<br />
<a href="http://www.studiokappa.it/?page_id=108"><img decoding="async" class="alignleft size-full wp-image-134" style="margin-left: 10px;margin-right: 10px" title="Simone Deflorian" src="http://www.studiokappa.it/wp-content/uploads/2012/04/Simone_DeflorianNEW.jpg" alt="Chiara Dallavalle" width="54" height="64" /></a><a style="text-decoration: none" title="Simone Deflorian" href="http://www.studiokappa.it/?page_id=108" target="_self"><strong>Simone Deflorian</strong></a></p>
<p><a style="text-decoration: none" title="Simone Deflorian" href="http://www.studiokappa.it/?page_id=108" target="_self"><em>Sviluppo Partecipato di Città e Organizzazioni</em></a><br />
<em><br />
</em><br />
<span style="text-align: left"><a style="text-decoration: none" title="Vai alla Rassegna Stampa" href="http://www.studiokappa.it/?page_id=440">Vai alla Rassegna Stampa</a></span></p>
