{"id":425,"date":"2024-05-31T06:43:48","date_gmt":"2024-05-31T06:43:48","guid":{"rendered":"https:\/\/coral-reindeer-219190.hostingersite.com\/?page_id=425"},"modified":"2025-02-27T15:14:02","modified_gmt":"2025-02-27T15:14:02","slug":"empowerment-delle-comunita-locali","status":"publish","type":"page","link":"https:\/\/studiokappa.it\/test\/empowerment-delle-comunita-locali\/","title":{"rendered":"Empowerment delle Comunit\u00e0 Locali"},"content":{"rendered":"\t\t<div data-elementor-type=\"wp-page\" data-elementor-id=\"425\" class=\"elementor elementor-425\" data-elementor-post-type=\"page\">\n\t\t\t\t<div class=\"elementor-element elementor-element-df66c9e e-flex e-con-boxed e-con e-parent\" data-id=\"df66c9e\" data-element_type=\"container\" data-e-type=\"container\">\n\t\t\t\t\t<div class=\"e-con-inner\">\n\t\t\t\t<div class=\"elementor-element elementor-element-1f7a3e8 elementor-widget elementor-widget-image\" data-id=\"1f7a3e8\" data-element_type=\"widget\" data-e-type=\"widget\" data-widget_type=\"image.default\">\n\t\t\t\t<div class=\"elementor-widget-container\">\n\t\t\t\t\t\t\t\t\t\t\t\t\t\t\t<img decoding=\"async\" src=\"https:\/\/studiokappa.it\/test\/wp-content\/plugins\/elementor\/assets\/images\/placeholder.png\" title=\"\" alt=\"\" loading=\"lazy\" \/>\t\t\t\t\t\t\t\t\t\t\t\t\t\t\t<\/div>\n\t\t\t\t<\/div>\n\t\t\t\t\t<\/div>\n\t\t\t\t<\/div>\n\t\t<div class=\"elementor-element elementor-element-e65ec86 e-flex e-con-boxed e-con e-parent\" data-id=\"e65ec86\" data-element_type=\"container\" data-e-type=\"container\">\n\t\t\t\t\t<div class=\"e-con-inner\">\n\t\t<div class=\"elementor-element elementor-element-8600af7 e-flex e-con-boxed e-con e-child\" data-id=\"8600af7\" data-element_type=\"container\" data-e-type=\"container\">\n\t\t\t\t\t<div class=\"e-con-inner\">\n\t\t<div class=\"elementor-element elementor-element-3964c67 e-con-full e-flex e-con e-child\" data-id=\"3964c67\" data-element_type=\"container\" data-e-type=\"container\">\n\t\t\t\t<div class=\"elementor-element elementor-element-c8bacb8 elementor-widget elementor-widget-heading\" data-id=\"c8bacb8\" data-element_type=\"widget\" data-e-type=\"widget\" data-widget_type=\"heading.default\">\n\t\t\t\t<div class=\"elementor-widget-container\">\n\t\t\t\t\t<h2 class=\"elementor-heading-title elementor-size-default\"><br>Il nostro lavoro con Comunit\u00e0 e Territori<\/h2>\t\t\t\t<\/div>\n\t\t\t\t<\/div>\n\t\t\t\t<\/div>\n\t\t<div class=\"elementor-element elementor-element-c4745cc e-flex e-con-boxed e-con e-child\" data-id=\"c4745cc\" data-element_type=\"container\" data-e-type=\"container\">\n\t\t\t\t\t<div class=\"e-con-inner\">\n\t\t\t\t<div class=\"elementor-element elementor-element-ed21026 elementor-widget elementor-widget-text-editor\" data-id=\"ed21026\" data-element_type=\"widget\" data-e-type=\"widget\" data-widget_type=\"text-editor.default\">\n\t\t\t\t<div class=\"elementor-widget-container\">\n\t\t\t\t\t\t\t\t\t<p data-pm-slice=\"1 1 []\">Lo sviluppo, la crescita, la qualificazione e la rigenerazione di comunit\u00e0 e territori sono il cuore del nostro impegno professionale. Studio Kappa si dedica all&#8217;analisi, alla riflessione e alla creazione di strumenti per il cambiamento, con l&#8217;obiettivo di supportare le comunit\u00e0 locali nel loro percorso di auto-orientamento, self-help ed empowerment collettivo.<\/p><p>Crediamo che le comunit\u00e0 locali siano protagoniste attive del cambiamento e lavoriamo per rafforzare la loro capacit\u00e0 di agire in modo autonomo e\u00a0sostenibile.<\/p><p>Collaboriamo con policy maker, governi locali e organizzazioni impegnate nell&#8217;advocacy per sviluppare strategie e interventi mirati.<\/p>\t\t\t\t\t\t\t\t<\/div>\n\t\t\t\t<\/div>\n\t\t\t\t\t<\/div>\n\t\t\t\t<\/div>\n\t\t\t\t\t<\/div>\n\t\t\t\t<\/div>\n\t\t\t\t\t<\/div>\n\t\t\t\t<\/div>\n\t\t<div class=\"elementor-element elementor-element-f99985a e-con-full e-flex e-con e-parent\" data-id=\"f99985a\" data-element_type=\"container\" data-e-type=\"container\">\n\t\t\t\t<div class=\"elementor-element elementor-element-a5130b3 elementor-widget elementor-widget-heading\" data-id=\"a5130b3\" data-element_type=\"widget\" data-e-type=\"widget\" data-widget_type=\"heading.default\">\n\t\t\t\t<div class=\"elementor-widget-container\">\n\t\t\t\t\t<h2 class=\"elementor-heading-title elementor-size-default\">Comunit\u00e0: essere e sentirsi parte di un NOI<\/h2>\t\t\t\t<\/div>\n\t\t\t\t<\/div>\n\t\t\t\t<\/div>\n\t\t<div class=\"elementor-element elementor-element-503828d e-flex e-con-boxed e-con e-parent\" data-id=\"503828d\" data-element_type=\"container\" data-e-type=\"container\">\n\t\t\t\t\t<div class=\"e-con-inner\">\n\t\t\t\t<div class=\"elementor-element elementor-element-2073c36 elementor-widget__width-inherit elementor-widget elementor-widget-text-editor\" data-id=\"2073c36\" data-element_type=\"widget\" data-e-type=\"widget\" data-widget_type=\"text-editor.default\">\n\t\t\t\t<div class=\"elementor-widget-container\">\n\t\t\t\t\t\t\t\t\t<p><\/p>\n<p>Per comunit\u00e0 possiamo intendere sia una dimensione sociale micro, diversa dalla macro societ\u00e0, con un riferimento territoriale (la comunit\u00e0 locale) o senza riferimento territoriale (l\u2019associazione), sia una qualit\u00e0 delle relazioni, i cui aspetti prevalenti sono la mutualit\u00e0, la solidariet\u00e0, la fiducia, la vicinanza; in una parola, i legami affettivi fra le persone.&nbsp;<\/p><p>G<span style=\"color: var( --e-global-color-08549e9 );\">li studi sociologici hanno messo in evidenza l\u2019inevitabile declino della comunit\u00e0 locale in conseguenza del processo di urbanizzazione, ma nello stesso tempo hanno verificato l\u2019espandersi di comunit\u00e0 senza prossimit\u00e0 (associazioni o network). Nei progetti di sviluppo di comunit\u00e0 la comunit\u00e0 \u00e8 considerata nella sua dimensione sociale di insieme di persone che condividono aspetti rilevanti della loro vita (essere comunit\u00e0), ma ancor pi\u00f9 nella sua dimensione di sentimento (sentirsi comunit\u00e0).&nbsp;<\/span><\/p><p>La percezione del legame affettivo da parte dei membri della comunit\u00e0 e la misura in cui questi si sentono comunit\u00e0 \u00e8 un aspetto centrale nei progetti di sviluppo.<\/p>\t\t\t\t\t\t\t\t<\/div>\n\t\t\t\t<\/div>\n\t\t\t\t\t<\/div>\n\t\t\t\t<\/div>\n\t\t<div class=\"elementor-element elementor-element-c3ce0e6 e-flex e-con-boxed e-con e-parent\" data-id=\"c3ce0e6\" data-element_type=\"container\" data-e-type=\"container\">\n\t\t\t\t\t<div class=\"e-con-inner\">\n\t\t\t\t<div class=\"elementor-element elementor-element-e1add73 elementor-widget elementor-widget-heading\" data-id=\"e1add73\" data-element_type=\"widget\" data-e-type=\"widget\" data-widget_type=\"heading.default\">\n\t\t\t\t<div class=\"elementor-widget-container\">\n\t\t\t\t\t<h2 class=\"elementor-heading-title elementor-size-default\">StudioKappa interviene per...<\/h2>\t\t\t\t<\/div>\n\t\t\t\t<\/div>\n\t\t\t\t\t<\/div>\n\t\t\t\t<\/div>\n\t\t<div class=\"elementor-element elementor-element-afcd82d e-flex e-con-boxed e-con e-parent\" data-id=\"afcd82d\" data-element_type=\"container\" data-e-type=\"container\">\n\t\t\t\t\t<div class=\"e-con-inner\">\n\t\t\t\t<div class=\"elementor-element elementor-element-c3f36a7 elementor-widget elementor-widget-text-editor\" data-id=\"c3f36a7\" data-element_type=\"widget\" data-e-type=\"widget\" data-widget_type=\"text-editor.default\">\n\t\t\t\t<div class=\"elementor-widget-container\">\n\t\t\t\t\t\t\t\t\t<p>StudioKappa lavora con organizzazioni di diveresa natura, del settore pubblico come del privato, con aziende ed enti del terzo settore, gruppi informali di cittadini, quartieri e comunit\u00e0 locali con interventi\u00a0 di consulenza, facilitazione, progettazione, formazione e valutazione volti a:<\/p>\t\t\t\t\t\t\t\t<\/div>\n\t\t\t\t<\/div>\n\t\t\t\t\t<\/div>\n\t\t\t\t<\/div>\n\t\t<div class=\"elementor-element elementor-element-b5157b4 e-flex e-con-boxed e-con e-parent\" data-id=\"b5157b4\" data-element_type=\"container\" data-e-type=\"container\">\n\t\t\t\t\t<div class=\"e-con-inner\">\n\t\t\t\t<div class=\"elementor-element elementor-element-4c7bc6e elementor-widget__width-inherit elementor-widget elementor-widget-text-editor\" data-id=\"4c7bc6e\" data-element_type=\"widget\" data-e-type=\"widget\" data-widget_type=\"text-editor.default\">\n\t\t\t\t<div class=\"elementor-widget-container\">\n\t\t\t\t\t\t\t\t\t<ul data-spread=\"false\"><li><p><b>Sviluppare il sentimento di comunit\u00e0<\/b>, di identit\u00e0 e di razionalit\u00e0 del NOI all&#8217;interno dei gruppi umani che condividono spazi, progetti e visioni comuni.<\/p><\/li><li><p><b>Sostenere la comunit\u00e0 come soggetto<\/b>, affinch\u00e9 essa cresca in modo coeso, inclusivo, responsabile e generativo.<\/p><\/li><li><p><b>Diffondere cultura <\/b>per\u00a0<span style=\"background-color: transparent; font-family: var( --e-global-typography-453e58e-font-family ), Sans-serif; font-weight: var( --e-global-typography-453e58e-font-weight );\">superare una visione individualista, mercantilista e capitalista dell&#8217;esistenza per proiettarsi verso una concezione ecologica del NOI, in armoniosa relazione con il tutto e\u00a0<\/span><span style=\"background-color: transparent; font-family: var( --e-global-typography-453e58e-font-family ), Sans-serif; font-weight: var( --e-global-typography-453e58e-font-weight );\">promuovere e costruire contesti che permettano a ogni persona di esprimere la propria pienezza, contribuendo con la propria unicit\u00e0 e potenzialit\u00e0 alla definizione della comune convivenza, per costruire un mondo di pace, dentro e fuori di noi.<\/span><\/p><\/li><li><p><b>\u00a0<\/b><b style=\"background-color: transparent; font-family: var( --e-global-typography-453e58e-font-family ), Sans-serif;\">Promuovere<\/b><span style=\"background-color: transparent; font-family: var( --e-global-typography-453e58e-font-family ), Sans-serif; font-weight: var( --e-global-typography-453e58e-font-weight );\">, all&#8217;interno delle organizzazioni e dei territori,\u00a0<\/span><span style=\"font-weight: bold; background-color: transparent; font-family: var( --e-global-typography-453e58e-font-family ), Sans-serif;\">strumenti metodologici innovativi,\u00a0<\/span><b style=\"background-color: transparent; font-family: var( --e-global-typography-453e58e-font-family ), Sans-serif;\">modelli di governance<\/b><span style=\"background-color: transparent; font-family: var( --e-global-typography-453e58e-font-family ), Sans-serif; font-weight: var( --e-global-typography-453e58e-font-weight );\">\u00a0<\/span><span style=\"background-color: transparent; font-family: var( --e-global-typography-453e58e-font-family ), Sans-serif;\"><b>dinamica e sociocratica,\u00a0<\/b><\/span><span style=\"background-color: transparent; font-family: var( --e-global-typography-453e58e-font-family ), Sans-serif;\"><b>metodi decisionali orientati al consenso, approcci alla progettazione multi-stakholder, vision driven e community based, facilitazione diffusa, gestione creativa dei conflitti e pratiche di democrazia profonda e deliberativa per\u00a0<\/b><\/span><span style=\"background-color: transparent; font-family: var( --e-global-typography-453e58e-font-family ), Sans-serif; font-weight: var( --e-global-typography-453e58e-font-weight );\">trasformare il &#8220;mio potere su&#8221; in &#8220;il nostro potere di&#8221;.<\/span><\/p><\/li><li><p><span style=\"background-color: transparent; font-family: var( --e-global-typography-453e58e-font-family ), Sans-serif;\"><b>\u00a0Facilitare\u00a0 processi di innovazione del welfare e di innovazione delle pratiche educative <\/b>verso approcci non direttivi.<\/span><\/p><\/li><\/ul>\t\t\t\t\t\t\t\t<\/div>\n\t\t\t\t<\/div>\n\t\t\t\t\t<\/div>\n\t\t\t\t<\/div>\n\t\t<div class=\"elementor-element elementor-element-db7615a e-flex e-con-boxed e-con e-parent\" data-id=\"db7615a\" data-element_type=\"container\" data-e-type=\"container\">\n\t\t\t\t\t<div class=\"e-con-inner\">\n\t\t\t\t<div class=\"elementor-element elementor-element-5ba839c elementor-widget elementor-widget-heading\" data-id=\"5ba839c\" data-element_type=\"widget\" data-e-type=\"widget\" data-widget_type=\"heading.default\">\n\t\t\t\t<div class=\"elementor-widget-container\">\n\t\t\t\t\t<h2 class=\"elementor-heading-title elementor-size-default\">Ambiti prevalenti di intervento ne\/con le Comunit\u00e0 Locali<\/h2>\t\t\t\t<\/div>\n\t\t\t\t<\/div>\n\t\t\t\t<div class=\"elementor-element elementor-element-1ab8ce3 elementor-widget elementor-widget-text-editor\" data-id=\"1ab8ce3\" data-element_type=\"widget\" data-e-type=\"widget\" data-widget_type=\"text-editor.default\">\n\t\t\t\t<div class=\"elementor-widget-container\">\n\t\t\t\t\t\t\t\t\t<p>Lorem ipsum dolor sit amet, consectetur adipiscing elit. Ut elit tellus, luctus nec ullamcorper mattis, pulvinar dapibus leo.<\/p>\t\t\t\t\t\t\t\t<\/div>\n\t\t\t\t<\/div>\n\t\t\t\t\t<\/div>\n\t\t\t\t<\/div>\n\t\t<div class=\"elementor-element elementor-element-984ba2f e-con-full e-flex e-con e-parent\" data-id=\"984ba2f\" data-element_type=\"container\" data-e-type=\"container\">\n\t\t\t\t<div class=\"elementor-element elementor-element-3c2a396 elementor-widget__width-initial elementor-widget elementor-widget-text-editor\" data-id=\"3c2a396\" data-element_type=\"widget\" data-e-type=\"widget\" data-widget_type=\"text-editor.default\">\n\t\t\t\t<div class=\"elementor-widget-container\">\n\t\t\t\t\t\t\t\t\t<p><img decoding=\"async\" src=\"https:\/\/lh4.googleusercontent.com\/-KUnM_IO-hAs\/TgZgN0tqEuI\/AAAAAAAAAZk\/Cachu2JnhXM\/bullet.gif\" alt=\" \" width=\"12\" height=\"11\" border=\"0\" \/>\u00a0<a title=\"Vai alla pagina relativa al settore Ambiente\" href=\"http:\/\/www.studiokappa.it\/?page_id=5827\">L\u2019ambiente<\/a><\/p><p><img decoding=\"async\" src=\"https:\/\/lh4.googleusercontent.com\/-KUnM_IO-hAs\/TgZgN0tqEuI\/AAAAAAAAAZk\/Cachu2JnhXM\/bullet.gif\" alt=\" \" width=\"12\" height=\"11\" border=\"0\" \/>\u00a0<a title=\"Vai alla pagina relativa al settore Assistenza e Servizi\" href=\"http:\/\/www.studiokappa.it\/?page_id=5836\">I sistemi di welfare<\/a><\/p><p><img decoding=\"async\" src=\"https:\/\/lh4.googleusercontent.com\/-KUnM_IO-hAs\/TgZgN0tqEuI\/AAAAAAAAAZk\/Cachu2JnhXM\/bullet.gif\" alt=\" \" width=\"12\" height=\"11\" border=\"0\" \/>\u00a0<a title=\"Vai alla pagina relativa al settore Convivenza Urbana\" href=\"http:\/\/www.studiokappa.it\/?page_id=5841\">La convivenza urbana<\/a><\/p><p><a title=\"Vai alla pagina relativa al settore Convivenza Urbana\" href=\"http:\/\/www.studiokappa.it\/?page_id=5841\"><img decoding=\"async\" src=\"https:\/\/lh4.googleusercontent.com\/-KUnM_IO-hAs\/TgZgN0tqEuI\/AAAAAAAAAZk\/Cachu2JnhXM\/bullet.gif\" alt=\" \" width=\"12\" height=\"11\" border=\"0\" \/> L\u2019accoglienza e l\u2019integrazione d<\/a>i persone con background migratorio<\/p><p><img decoding=\"async\" src=\"https:\/\/lh4.googleusercontent.com\/-KUnM_IO-hAs\/TgZgN0tqEuI\/AAAAAAAAAZk\/Cachu2JnhXM\/bullet.gif\" alt=\" \" width=\"12\" height=\"11\" border=\"0\" \/>\u00a0<a title=\"Vai alla pagina relativa al settore Lavoro\" href=\"http:\/\/www.studiokappa.it\/?page_id=5844\">Il lavoro<\/a><\/p><p><img decoding=\"async\" src=\"https:\/\/lh4.googleusercontent.com\/-KUnM_IO-hAs\/TgZgN0tqEuI\/AAAAAAAAAZk\/Cachu2JnhXM\/bullet.gif\" alt=\" \" width=\"12\" height=\"11\" border=\"0\" \/>\u00a0<a title=\"Vai alla pagina relativa al settore Partecipazione dei Cittadini\" href=\"http:\/\/www.studiokappa.it\/?page_id=5847\">La partecipazione dei cittadini<\/a><\/p><p><img decoding=\"async\" src=\"https:\/\/lh4.googleusercontent.com\/-KUnM_IO-hAs\/TgZgN0tqEuI\/AAAAAAAAAZk\/Cachu2JnhXM\/bullet.gif\" alt=\" \" width=\"12\" height=\"11\" border=\"0\" \/>\u00a0<a title=\"Vai alla pagina relativa al settore Religione\" href=\"http:\/\/www.studiokappa.it\/?page_id=5851\">Le comunit\u00e0 religiose<\/a><\/p><p><img decoding=\"async\" src=\"https:\/\/lh4.googleusercontent.com\/-KUnM_IO-hAs\/TgZgN0tqEuI\/AAAAAAAAAZk\/Cachu2JnhXM\/bullet.gif\" alt=\" \" width=\"12\" height=\"11\" border=\"0\" \/>\u00a0<a title=\"Vai alla pagina relativa al settore Sviluppo Economico, Turistico e Commerciale\" href=\"http:\/\/www.studiokappa.it\/?page_id=5854\">Lo sviluppo economico, turistico e commerciale<\/a><\/p><p><img decoding=\"async\" src=\"https:\/\/lh4.googleusercontent.com\/-KUnM_IO-hAs\/TgZgN0tqEuI\/AAAAAAAAAZk\/Cachu2JnhXM\/bullet.gif\" alt=\" \" width=\"12\" height=\"11\" border=\"0\" \/>\u00a0<a title=\"Vai alla pagina relativa al settore Volontariato\" href=\"http:\/\/www.studiokappa.it\/?page_id=5860\">Terzo Settore e Volontariato<\/a><\/p>\t\t\t\t\t\t\t\t<\/div>\n\t\t\t\t<\/div>\n\t\t\t\t<\/div>\n\t\t<div class=\"elementor-element elementor-element-ef2296e e-flex e-con-boxed e-con e-parent\" data-id=\"ef2296e\" data-element_type=\"container\" data-e-type=\"container\">\n\t\t\t\t\t<div class=\"e-con-inner\">\n\t\t\t\t<div class=\"elementor-element elementor-element-d652776 elementor-widget elementor-widget-heading\" data-id=\"d652776\" data-element_type=\"widget\" data-e-type=\"widget\" data-widget_type=\"heading.default\">\n\t\t\t\t<div class=\"elementor-widget-container\">\n\t\t\t\t\t<h2 class=\"elementor-heading-title elementor-size-default\">Approcci e metodi<\/h2>\t\t\t\t<\/div>\n\t\t\t\t<\/div>\n\t\t\t\t\t<\/div>\n\t\t\t\t<\/div>\n\t\t<div class=\"elementor-element elementor-element-30c00ba e-flex e-con-boxed e-con e-parent\" data-id=\"30c00ba\" data-element_type=\"container\" data-e-type=\"container\">\n\t\t\t\t\t<div class=\"e-con-inner\">\n\t\t\t\t<div class=\"elementor-element elementor-element-281b99b elementor-widget elementor-widget-text-editor\" data-id=\"281b99b\" data-element_type=\"widget\" data-e-type=\"widget\" data-widget_type=\"text-editor.default\">\n\t\t\t\t<div class=\"elementor-widget-container\">\n\t\t\t\t\t\t\t\t\t<p>In questi 20 anni di esperienza abbiamo sperimentato e adattato l&#8217;<b>Approccio\u00a0<\/b><strong>Pedagogico di Paulo Freire<\/strong>, applicandolo in molti e diversi contesti e reso l&#8217;asse metodologico che muove dall&#8217;assunzione di consapevolezza personale alla responsabilizzazione collettiva la colonna vertebrale dei nostri interventi per coltivare comunit\u00e0 e rafforzare i territori. La <b>maieutica dolciana <\/b>\u00e9 lo stile che connota il nostro modi di lavorare.<\/p><p data-pm-slice=\"1 1 []\">Abbiamo una profonda conoscenza delle periferie urbane, specialmente nelle citt\u00e0 dell&#8217;Est e del Nord Europa, e ci occupiamo di <strong>Rigenerazione Urbana Partecipata<\/strong>.<\/p><div>Collaboriamo con universit\u00e0, centri di ricerca e agenzie di formazione in italia, Europa e centro America e offriamo consulenza a policy maker impegnati nelle politiche locali e nazionali, in particolare in Italia, Svizzera e Nord Europa.<\/div>\t\t\t\t\t\t\t\t<\/div>\n\t\t\t\t<\/div>\n\t\t\t\t\t<\/div>\n\t\t\t\t<\/div>\n\t\t<div class=\"elementor-element elementor-element-19b2b04 e-flex e-con-boxed e-con e-parent\" data-id=\"19b2b04\" data-element_type=\"container\" data-e-type=\"container\">\n\t\t\t\t\t<div class=\"e-con-inner\">\n\t\t\t\t\t<\/div>\n\t\t\t\t<\/div>\n\t\t<div class=\"elementor-element elementor-element-4ab45cb e-flex e-con-boxed e-con e-parent\" data-id=\"4ab45cb\" data-element_type=\"container\" data-e-type=\"container\">\n\t\t\t\t\t<div class=\"e-con-inner\">\n\t\t\t\t\t<\/div>\n\t\t\t\t<\/div>\n\t\t<div class=\"elementor-element elementor-element-57a7665 e-flex e-con-boxed e-con e-parent\" data-id=\"57a7665\" data-element_type=\"container\" data-e-type=\"container\">\n\t\t\t\t\t<div class=\"e-con-inner\">\n\t\t\t\t\t<\/div>\n\t\t\t\t<\/div>\n\t\t<div class=\"elementor-element elementor-element-179215c e-flex e-con-boxed e-con e-parent\" data-id=\"179215c\" data-element_type=\"container\" data-e-type=\"container\">\n\t\t\t\t\t<div class=\"e-con-inner\">\n\t\t\t\t\t<\/div>\n\t\t\t\t<\/div>\n\t\t\t\t<\/div>\n\t\t","protected":false},"excerpt":{"rendered":"<p>Il nostro lavoro con Comunit\u00e0 e Territori Lo sviluppo, la crescita, la qualificazione e la rigenerazione di comunit\u00e0 e territori sono il cuore del nostro impegno professionale. Studio Kappa si dedica all&#8217;analisi, alla riflessione e alla creazione di strumenti per il cambiamento, con l&#8217;obiettivo di supportare le comunit\u00e0 locali nel loro percorso di auto-orientamento, self-help [&hellip;]<\/p>\n","protected":false},"author":5,"featured_media":0,"parent":0,"menu_order":0,"comment_status":"closed","ping_status":"closed","template":"elementor_header_footer","meta":{"_acf_changed":false,"_eb_attr":"","footnotes":""},"class_list":["post-425","page","type-page","status-publish","hentry"],"acf":[],"rttpg_featured_image_url":null,"rttpg_author":{"display_name":"Studio Kappa","author_link":"https:\/\/studiokappa.it\/test\/author\/studiokappa\/"},"rttpg_comment":0,"rttpg_category":null,"rttpg_excerpt":"Il nostro lavoro con Comunit\u00e0 e Territori Lo sviluppo, la crescita, la qualificazione e la rigenerazione di comunit\u00e0 e territori sono il cuore del nostro impegno professionale. Studio Kappa si dedica all&#8217;analisi, alla riflessione e alla creazione di strumenti per il cambiamento, con l&#8217;obiettivo di supportare le comunit\u00e0 locali nel loro percorso di auto-orientamento, self-help&hellip;","_links":{"self":[{"href":"https:\/\/studiokappa.it\/test\/wp-json\/wp\/v2\/pages\/425","targetHints":{"allow":["GET"]}}],"collection":[{"href":"https:\/\/studiokappa.it\/test\/wp-json\/wp\/v2\/pages"}],"about":[{"href":"https:\/\/studiokappa.it\/test\/wp-json\/wp\/v2\/types\/page"}],"author":[{"embeddable":true,"href":"https:\/\/studiokappa.it\/test\/wp-json\/wp\/v2\/users\/5"}],"replies":[{"embeddable":true,"href":"https:\/\/studiokappa.it\/test\/wp-json\/wp\/v2\/comments?post=425"}],"version-history":[{"count":29,"href":"https:\/\/studiokappa.it\/test\/wp-json\/wp\/v2\/pages\/425\/revisions"}],"predecessor-version":[{"id":22257,"href":"https:\/\/studiokappa.it\/test\/wp-json\/wp\/v2\/pages\/425\/revisions\/22257"}],"wp:attachment":[{"href":"https:\/\/studiokappa.it\/test\/wp-json\/wp\/v2\/media?parent=425"}],"curies":[{"name":"wp","href":"https:\/\/api.w.org\/{rel}","templated":true}]}}