{"id":21931,"date":"2025-01-20T15:27:34","date_gmt":"2025-01-20T15:27:34","guid":{"rendered":"https:\/\/studiokappa.it\/test\/?p=21931"},"modified":"2025-05-21T16:31:53","modified_gmt":"2025-05-21T16:31:53","slug":"anna-zumbo-2","status":"publish","type":"page","link":"https:\/\/studiokappa.it\/test\/anna-zumbo-2\/","title":{"rendered":"Anna Zumbo"},"content":{"rendered":"\t\t<div data-elementor-type=\"wp-page\" data-elementor-id=\"21931\" class=\"elementor elementor-21931\" data-elementor-post-type=\"page\">\n\t\t\t\t<div class=\"elementor-element elementor-element-f882c7d e-flex e-con-boxed e-con e-parent\" data-id=\"f882c7d\" data-element_type=\"container\" data-e-type=\"container\">\n\t\t\t\t\t<div class=\"e-con-inner\">\n\t\t\t\t<div class=\"elementor-element elementor-element-cf5ae1d elementor-widget elementor-widget-heading\" data-id=\"cf5ae1d\" data-element_type=\"widget\" data-e-type=\"widget\" data-widget_type=\"heading.default\">\n\t\t\t\t<div class=\"elementor-widget-container\">\n\t\t\t\t\t<h2 class=\"elementor-heading-title elementor-size-default\">Anna Zumbo<br><br>Rafforzamento delle Organizzazioni e Sviluppo di Comunit\u00e0<\/h2>\t\t\t\t<\/div>\n\t\t\t\t<\/div>\n\t\t\t\t\t<\/div>\n\t\t\t\t<\/div>\n\t\t<div class=\"elementor-element elementor-element-33af449 e-flex e-con-boxed e-con e-parent\" data-id=\"33af449\" data-element_type=\"container\" data-e-type=\"container\">\n\t\t\t\t\t<div class=\"e-con-inner\">\n\t\t<div class=\"elementor-element elementor-element-5c8503d e-con-full e-flex e-con e-child\" data-id=\"5c8503d\" data-element_type=\"container\" data-e-type=\"container\">\n\t\t\t\t<div class=\"elementor-element elementor-element-5e35070 elementor-widget elementor-widget-image\" data-id=\"5e35070\" data-element_type=\"widget\" data-e-type=\"widget\" data-widget_type=\"image.default\">\n\t\t\t\t<div class=\"elementor-widget-container\">\n\t\t\t\t\t\t\t\t\t\t\t\t\t\t\t<img decoding=\"async\" src=\"https:\/\/studiokappa.it\/test\/wp-content\/uploads\/2025\/01\/Anna_ZumboNEW.jpg\" title=\"\" alt=\"\" loading=\"lazy\" \/>\t\t\t\t\t\t\t\t\t\t\t\t\t\t\t<\/div>\n\t\t\t\t<\/div>\n\t\t\t\t<div class=\"elementor-element elementor-element-55f90e4 elementor-widget__width-initial elementor-widget elementor-widget-button\" data-id=\"55f90e4\" data-element_type=\"widget\" data-e-type=\"widget\" data-widget_type=\"button.default\">\n\t\t\t\t<div class=\"elementor-widget-container\">\n\t\t\t\t\t\t\t\t\t<div class=\"elementor-button-wrapper\">\n\t\t\t\t\t<a class=\"elementor-button elementor-button-link elementor-size-sm\" href=\"https:\/\/studiokappa.it\/test\/anna-zumbo-articoli\/\">\n\t\t\t\t\t\t<span class=\"elementor-button-content-wrapper\">\n\t\t\t\t\t\t\t\t\t<span class=\"elementor-button-text\">Pubblicazioni<\/span>\n\t\t\t\t\t<\/span>\n\t\t\t\t\t<\/a>\n\t\t\t\t<\/div>\n\t\t\t\t\t\t\t\t<\/div>\n\t\t\t\t<\/div>\n\t\t\t\t<div class=\"elementor-element elementor-element-308edb5 elementor-widget elementor-widget-button\" data-id=\"308edb5\" data-element_type=\"widget\" data-e-type=\"widget\" data-widget_type=\"button.default\">\n\t\t\t\t<div class=\"elementor-widget-container\">\n\t\t\t\t\t\t\t\t\t<div class=\"elementor-button-wrapper\">\n\t\t\t\t\t<a class=\"elementor-button elementor-button-link elementor-size-sm\" href=\"https:\/\/studiokappa.it\/test\/anna-zumbo-interventi\/\">\n\t\t\t\t\t\t<span class=\"elementor-button-content-wrapper\">\n\t\t\t\t\t\t\t\t\t<span class=\"elementor-button-text\">Interventi<\/span>\n\t\t\t\t\t<\/span>\n\t\t\t\t\t<\/a>\n\t\t\t\t<\/div>\n\t\t\t\t\t\t\t\t<\/div>\n\t\t\t\t<\/div>\n\t\t\t\t<div class=\"elementor-element elementor-element-6024f55 elementor-widget elementor-widget-button\" data-id=\"6024f55\" data-element_type=\"widget\" data-e-type=\"widget\" data-widget_type=\"button.default\">\n\t\t\t\t<div class=\"elementor-widget-container\">\n\t\t\t\t\t\t\t\t\t<div class=\"elementor-button-wrapper\">\n\t\t\t\t\t<a class=\"elementor-button elementor-button-link elementor-size-sm\" href=\"https:\/\/studiokappa.it\/test\/wp-admin\/post.php?post=7702&#038;action=elementor\">\n\t\t\t\t\t\t<span class=\"elementor-button-content-wrapper\">\n\t\t\t\t\t\t\t\t\t<span class=\"elementor-button-text\">Biografia<\/span>\n\t\t\t\t\t<\/span>\n\t\t\t\t\t<\/a>\n\t\t\t\t<\/div>\n\t\t\t\t\t\t\t\t<\/div>\n\t\t\t\t<\/div>\n\t\t\t\t<\/div>\n\t\t\t\t<div class=\"elementor-element elementor-element-8fe8c64 elementor-widget elementor-widget-text-editor\" data-id=\"8fe8c64\" data-element_type=\"widget\" data-e-type=\"widget\" data-widget_type=\"text-editor.default\">\n\t\t\t\t<div class=\"elementor-widget-container\">\n\t\t\t\t\t\t\t\t\t<p>Appassionata di scienze politiche con interesse particolare allo sviluppo dei processi culturali, lavora in Italia ed in paesi dell\u2019Africa francofona e del Centro America nell\u2019ambito dello<strong style=\"font-size: inherit; font-family: inherit;\">\u00a0<\/strong><strong style=\"font-size: inherit; font-family: inherit;\">sviluppo di comunit\u00e0<\/strong><span style=\"font-size: inherit; font-family: inherit; font-weight: inherit;\">\u00a0e del\u00a0<\/span><strong style=\"font-size: inherit; font-family: inherit;\">rafforzamento di<\/strong><span style=\"font-size: inherit; font-family: inherit; font-weight: inherit;\">\u00a0<\/span><strong style=\"font-size: inherit; font-family: inherit;\">organizzazioni.\u00a0<\/strong><\/p><p>Consulente, facilitatore e formatore lavora con enti pubblici e privati, istituzioni e imprese e si occupa di:\u00a0<\/p><ul><li><span style=\"background-color: transparent; color: var( --e-global-color-08549e9 ); font-family: var( --e-global-typography-453e58e-font-family ), Sans-serif; font-weight: var( --e-global-typography-453e58e-font-weight );\">disegno e management di interventi sistemici ed innovativi di riduzione della povert\u00e0, nuovi modelli di welfare, coesione sociale e sviluppo locale<\/span><\/li><li>processi di apprendimento complessi e di ridefinizione delle culture organizzative<\/li><li>empowerment, partecipazione, attivazione e mobilitazione di comunit\u00e0 e territori.<\/li><\/ul><p><span style=\"color: var( --e-global-color-08549e9 ); font-family: var( --e-global-typography-453e58e-font-family ), Sans-serif; font-size: var( --e-global-typography-453e58e-font-size ); font-weight: var( --e-global-typography-453e58e-font-weight ); text-align: var(--text-align);\">Con pluriennale esperienza nel network Caritas italiano ed internazionale, lavora oggi progettando e facilitando processi di apprendimento complessi che accompagnano la trasformazione degli interventi educativi e sociali con la cura delle dinamiche di ridefinizione delle culture organizzative l&#8217;attivazione di contesti territoriali fertili <\/span><a href=\"_wp_link_placeholder\" data-wplink-edit=\"true\">all&#8217;innovazione sociale.<\/a><\/p><p>Dirige la Scuola di Formazione Integrata con le Migrazioni <strong><a style=\"text-decoration: none;\" href=\"https:\/\/www.studiokappa.it\/?page_id=11943\">&#8220;Coesione, Innovazione e societ\u00e0 plurali&#8221; <\/a><\/strong>e coordina il Programma nazionale <strong><a style=\"text-decoration: none;\" href=\"https:\/\/studiokappa.it\/test\/wp-admin\/post.php?post=7902&amp;action=elementor\"> &#8220;Alfabetizzare non \u00e8 insegnare a ripetere parole, ma a dire la propria parola&#8221; <\/a><\/strong>intervento di ricerca, consulenza e formazione, programma per lo sviluppo di approcci e metodi delle pedagogie critiche nei processi di accoglienza, alfabetizzazione e community organising dei migranti come leva per un nuovo slancio allo sviluppo delle comunit\u00e0 locali.\u00a0 Coniuga la sensibilit\u00e0 ecologica, il lavoro per lo sviluppo personale e l&#8217;empowerment delle comunit\u00e0 integrando approcci e sensibilit\u00e0 dell&#8217;ecologia e della democrazia profonda per attivare percorsi di trasformazione personale, sistemica e condivisa e lo sviluppo di <strong><a style=\"text-decoration: none;\" href=\"https:\/\/www.studiokappa.it\/?page_id=19942\">identit\u00e0 e razionalit\u00e0 del noi <\/a><\/strong>, nei gruppi, nei movimenti, dentro le organizzazioni e sui territori.<\/p><p>Nel lavoro con le organizzazioni, con l\u2019approccio dell\u2019<a style=\"text-decoration: none;\" href=\"https:\/\/www.studiokappa.it\/?page_id=16145\">Auto-Rafforzamento Facilitato<\/a> , incide sullo sviluppo di metodologie e assetti che facilitano governance dinamiche, gestione generativa dei conflitti, co-progettazioni vision diriven, modelli decisionali orientati al consenso e competenze di lavoro cross-sector.<\/p><p>La sua esperienza interculturale sostiene l\u2019uso di strumenti di facilitazione per affrontare conflitti e crisi sociali, promuovendo la costruzione di consapevolezza collettiva, visioni condivise e cambiamenti positivi.<\/p><p>Promuove in Italia la riscoperta e la pratica dell\u2019approccio antropologico e filosofico e della pedagogia della liberazione di Paulo Freire, sperimenta e applica da pi\u00f9 di 20 anni l\u2019educazione popolare coniugandola nei processi formativi, di consulenza, progettazione e valutazione partecipate a supporto della trasformazione culturale e sociale.<\/p><p>Pubblica libri, articoli e sussidi per la formazione di organizzazioni e gruppi, sui temi dell&#8217;innovazione e dell&#8217;inclusione sociale e sugli approcci pedagogici critici per l&#8217;attivazione e la mobilitazione di comunit\u00e0 e territori.<\/p>\t\t\t\t\t\t\t\t<\/div>\n\t\t\t\t<\/div>\n\t\t\t\t\t<\/div>\n\t\t\t\t<\/div>\n\t\t\t\t<\/div>\n\t\t","protected":false},"excerpt":{"rendered":"<p>Anna Zumbo Rafforzamento delle Organizzazioni e Sviluppo di Comunit\u00e0 Pubblicazioni Interventi Biografia Appassionata di scienze politiche con interesse particolare allo sviluppo dei processi culturali, lavora in Italia ed in paesi dell\u2019Africa francofona e del Centro America nell\u2019ambito dello\u00a0sviluppo di comunit\u00e0\u00a0e del\u00a0rafforzamento di\u00a0organizzazioni.\u00a0 Consulente, facilitatore e formatore lavora con enti pubblici e privati, istituzioni e imprese [&hellip;]<\/p>\n","protected":false},"author":5,"featured_media":21765,"parent":0,"menu_order":0,"comment_status":"closed","ping_status":"closed","template":"","meta":{"_acf_changed":false,"_eb_attr":"","footnotes":""},"class_list":["post-21931","page","type-page","status-publish","has-post-thumbnail","hentry"],"acf":[],"rttpg_featured_image_url":{"full":["https:\/\/studiokappa.it\/test\/wp-content\/uploads\/2025\/01\/Anna_ZumboNEW.jpg",1218,1280,false],"landscape":["https:\/\/studiokappa.it\/test\/wp-content\/uploads\/2025\/01\/Anna_ZumboNEW.jpg",1218,1280,false],"portraits":["https:\/\/studiokappa.it\/test\/wp-content\/uploads\/2025\/01\/Anna_ZumboNEW.jpg",1218,1280,false],"thumbnail":["https:\/\/studiokappa.it\/test\/wp-content\/uploads\/2025\/01\/Anna_ZumboNEW.jpg",143,150,false],"medium":["https:\/\/studiokappa.it\/test\/wp-content\/uploads\/2025\/01\/Anna_ZumboNEW.jpg",285,300,false],"large":["https:\/\/studiokappa.it\/test\/wp-content\/uploads\/2025\/01\/Anna_ZumboNEW.jpg",800,841,false],"1536x1536":["https:\/\/studiokappa.it\/test\/wp-content\/uploads\/2025\/01\/Anna_ZumboNEW.jpg",1218,1280,false],"2048x2048":["https:\/\/studiokappa.it\/test\/wp-content\/uploads\/2025\/01\/Anna_ZumboNEW.jpg",1218,1280,false],"qi_addons_for_elementor_image_size_square":["https:\/\/studiokappa.it\/test\/wp-content\/uploads\/2025\/01\/Anna_ZumboNEW.jpg",619,650,false],"qi_addons_for_elementor_image_size_landscape":["https:\/\/studiokappa.it\/test\/wp-content\/uploads\/2025\/01\/Anna_ZumboNEW.jpg",619,650,false],"qi_addons_for_elementor_image_size_portrait":["https:\/\/studiokappa.it\/test\/wp-content\/uploads\/2025\/01\/Anna_ZumboNEW.jpg",650,683,false],"qi_addons_for_elementor_image_size_huge-square":["https:\/\/studiokappa.it\/test\/wp-content\/uploads\/2025\/01\/Anna_ZumboNEW.jpg",1218,1280,false],"woocommerce_thumbnail":["https:\/\/studiokappa.it\/test\/wp-content\/uploads\/2025\/01\/Anna_ZumboNEW.jpg",285,300,false],"woocommerce_single":["https:\/\/studiokappa.it\/test\/wp-content\/uploads\/2025\/01\/Anna_ZumboNEW.jpg",600,631,false],"woocommerce_gallery_thumbnail":["https:\/\/studiokappa.it\/test\/wp-content\/uploads\/2025\/01\/Anna_ZumboNEW.jpg",95,100,false]},"rttpg_author":{"display_name":"Studio Kappa","author_link":"https:\/\/studiokappa.it\/test\/author\/studiokappa\/"},"rttpg_comment":0,"rttpg_category":null,"rttpg_excerpt":"Anna Zumbo Rafforzamento delle Organizzazioni e Sviluppo di Comunit\u00e0 Pubblicazioni Interventi Biografia Appassionata di scienze politiche con interesse particolare allo sviluppo dei processi culturali, lavora in Italia ed in paesi dell\u2019Africa francofona e del Centro America nell\u2019ambito dello\u00a0sviluppo di comunit\u00e0\u00a0e del\u00a0rafforzamento di\u00a0organizzazioni.\u00a0 Consulente, facilitatore e formatore lavora con enti pubblici e privati, istituzioni e imprese&hellip;","_links":{"self":[{"href":"https:\/\/studiokappa.it\/test\/wp-json\/wp\/v2\/pages\/21931","targetHints":{"allow":["GET"]}}],"collection":[{"href":"https:\/\/studiokappa.it\/test\/wp-json\/wp\/v2\/pages"}],"about":[{"href":"https:\/\/studiokappa.it\/test\/wp-json\/wp\/v2\/types\/page"}],"author":[{"embeddable":true,"href":"https:\/\/studiokappa.it\/test\/wp-json\/wp\/v2\/users\/5"}],"replies":[{"embeddable":true,"href":"https:\/\/studiokappa.it\/test\/wp-json\/wp\/v2\/comments?post=21931"}],"version-history":[{"count":56,"href":"https:\/\/studiokappa.it\/test\/wp-json\/wp\/v2\/pages\/21931\/revisions"}],"predecessor-version":[{"id":23629,"href":"https:\/\/studiokappa.it\/test\/wp-json\/wp\/v2\/pages\/21931\/revisions\/23629"}],"wp:featuredmedia":[{"embeddable":true,"href":"https:\/\/studiokappa.it\/test\/wp-json\/wp\/v2\/media\/21765"}],"wp:attachment":[{"href":"https:\/\/studiokappa.it\/test\/wp-json\/wp\/v2\/media?parent=21931"}],"curies":[{"name":"wp","href":"https:\/\/api.w.org\/{rel}","templated":true}]}}

<div data-elementor-type="wp-page" data-elementor-id="21931" class="elementor elementor-21931" data-elementor-post-type="page">
				<div class="elementor-element elementor-element-f882c7d e-flex e-con-boxed e-con e-parent" data-id="f882c7d" data-element_type="container" data-e-type="container">
					<div class="e-con-inner">
				<div class="elementor-element elementor-element-cf5ae1d elementor-widget elementor-widget-heading" data-id="cf5ae1d" data-element_type="widget" data-e-type="widget" data-widget_type="heading.default">
				<div class="elementor-widget-container">
					<h2 class="elementor-heading-title elementor-size-default">Anna Zumbo<br><br>Rafforzamento delle Organizzazioni e Sviluppo di Comunità</h2>				</div>
				</div>
					</div>
				</div>
		<div class="elementor-element elementor-element-33af449 e-flex e-con-boxed e-con e-parent" data-id="33af449" data-element_type="container" data-e-type="container">
					<div class="e-con-inner">
		<div class="elementor-element elementor-element-5c8503d e-con-full e-flex e-con e-child" data-id="5c8503d" data-element_type="container" data-e-type="container">
				<div class="elementor-element elementor-element-5e35070 elementor-widget elementor-widget-image" data-id="5e35070" data-element_type="widget" data-e-type="widget" data-widget_type="image.default">
				<div class="elementor-widget-container">
															<img decoding="async" src="https://studiokappa.it/test/wp-content/uploads/2025/01/Anna_ZumboNEW.jpg" title="" alt="" loading="lazy" />															</div>
				</div>
				<div class="elementor-element elementor-element-55f90e4 elementor-widget__width-initial elementor-widget elementor-widget-button" data-id="55f90e4" data-element_type="widget" data-e-type="widget" data-widget_type="button.default">
				<div class="elementor-widget-container">
									<div class="elementor-button-wrapper">
					<a class="elementor-button elementor-button-link elementor-size-sm" href="https://studiokappa.it/test/anna-zumbo-articoli/">
						<span class="elementor-button-content-wrapper">
									<span class="elementor-button-text">Pubblicazioni</span>
					</span>
					</a>
				</div>
								</div>
				</div>
				<div class="elementor-element elementor-element-308edb5 elementor-widget elementor-widget-button" data-id="308edb5" data-element_type="widget" data-e-type="widget" data-widget_type="button.default">
				<div class="elementor-widget-container">
									<div class="elementor-button-wrapper">
					<a class="elementor-button elementor-button-link elementor-size-sm" href="https://studiokappa.it/test/anna-zumbo-interventi/">
						<span class="elementor-button-content-wrapper">
									<span class="elementor-button-text">Interventi</span>
					</span>
					</a>
				</div>
								</div>
				</div>
				<div class="elementor-element elementor-element-6024f55 elementor-widget elementor-widget-button" data-id="6024f55" data-element_type="widget" data-e-type="widget" data-widget_type="button.default">
				<div class="elementor-widget-container">
									<div class="elementor-button-wrapper">
					<a class="elementor-button elementor-button-link elementor-size-sm" href="https://studiokappa.it/test/wp-admin/post.php?post=7702&#038;action=elementor">
						<span class="elementor-button-content-wrapper">
									<span class="elementor-button-text">Biografia</span>
					</span>
					</a>
				</div>
								</div>
				</div>
				</div>
				<div class="elementor-element elementor-element-8fe8c64 elementor-widget elementor-widget-text-editor" data-id="8fe8c64" data-element_type="widget" data-e-type="widget" data-widget_type="text-editor.default">
				<div class="elementor-widget-container">
									<p>Appassionata di scienze politiche con interesse particolare allo sviluppo dei processi culturali, lavora in Italia ed in paesi dell’Africa francofona e del Centro America nell’ambito dello<strong style="font-size: inherit; font-family: inherit;"> </strong><strong style="font-size: inherit; font-family: inherit;">sviluppo di comunità</strong><span style="font-size: inherit; font-family: inherit; font-weight: inherit;"> e del </span><strong style="font-size: inherit; font-family: inherit;">rafforzamento di</strong><span style="font-size: inherit; font-family: inherit; font-weight: inherit;"> </span><strong style="font-size: inherit; font-family: inherit;">organizzazioni. </strong></p><p>Consulente, facilitatore e formatore lavora con enti pubblici e privati, istituzioni e imprese e si occupa di: </p><ul><li><span style="background-color: transparent; color: var( --e-global-color-08549e9 ); font-family: var( --e-global-typography-453e58e-font-family ), Sans-serif; font-weight: var( --e-global-typography-453e58e-font-weight );">disegno e management di interventi sistemici ed innovativi di riduzione della povertà, nuovi modelli di welfare, coesione sociale e sviluppo locale</span></li><li>processi di apprendimento complessi e di ridefinizione delle culture organizzative</li><li>empowerment, partecipazione, attivazione e mobilitazione di comunità e territori.</li></ul><p><span style="color: var( --e-global-color-08549e9 ); font-family: var( --e-global-typography-453e58e-font-family ), Sans-serif; font-size: var( --e-global-typography-453e58e-font-size ); font-weight: var( --e-global-typography-453e58e-font-weight ); text-align: var(--text-align);">Con pluriennale esperienza nel network Caritas italiano ed internazionale, lavora oggi progettando e facilitando processi di apprendimento complessi che accompagnano la trasformazione degli interventi educativi e sociali con la cura delle dinamiche di ridefinizione delle culture organizzative l&#8217;attivazione di contesti territoriali fertili </span><a href="_wp_link_placeholder" data-wplink-edit="true">all&#8217;innovazione sociale.</a></p><p>Dirige la Scuola di Formazione Integrata con le Migrazioni <strong><a style="text-decoration: none;" href="https://www.studiokappa.it/?page_id=11943">&#8220;Coesione, Innovazione e società plurali&#8221; </a></strong>e coordina il Programma nazionale <strong><a style="text-decoration: none;" href="https://studiokappa.it/test/wp-admin/post.php?post=7902&amp;action=elementor"> &#8220;Alfabetizzare non è insegnare a ripetere parole, ma a dire la propria parola&#8221; </a></strong>intervento di ricerca, consulenza e formazione, programma per lo sviluppo di approcci e metodi delle pedagogie critiche nei processi di accoglienza, alfabetizzazione e community organising dei migranti come leva per un nuovo slancio allo sviluppo delle comunità locali.  Coniuga la sensibilità ecologica, il lavoro per lo sviluppo personale e l&#8217;empowerment delle comunità integrando approcci e sensibilità dell&#8217;ecologia e della democrazia profonda per attivare percorsi di trasformazione personale, sistemica e condivisa e lo sviluppo di <strong><a style="text-decoration: none;" href="https://www.studiokappa.it/?page_id=19942">identità e razionalità del noi </a></strong>, nei gruppi, nei movimenti, dentro le organizzazioni e sui territori.</p><p>Nel lavoro con le organizzazioni, con l’approccio dell’<a style="text-decoration: none;" href="https://www.studiokappa.it/?page_id=16145">Auto-Rafforzamento Facilitato</a> , incide sullo sviluppo di metodologie e assetti che facilitano governance dinamiche, gestione generativa dei conflitti, co-progettazioni vision diriven, modelli decisionali orientati al consenso e competenze di lavoro cross-sector.</p><p>La sua esperienza interculturale sostiene l’uso di strumenti di facilitazione per affrontare conflitti e crisi sociali, promuovendo la costruzione di consapevolezza collettiva, visioni condivise e cambiamenti positivi.</p><p>Promuove in Italia la riscoperta e la pratica dell’approccio antropologico e filosofico e della pedagogia della liberazione di Paulo Freire, sperimenta e applica da più di 20 anni l’educazione popolare coniugandola nei processi formativi, di consulenza, progettazione e valutazione partecipate a supporto della trasformazione culturale e sociale.</p><p>Pubblica libri, articoli e sussidi per la formazione di organizzazioni e gruppi, sui temi dell&#8217;innovazione e dell&#8217;inclusione sociale e sugli approcci pedagogici critici per l&#8217;attivazione e la mobilitazione di comunità e territori.</p>								</div>
				</div>
					</div>
				</div>
				</div>

<p>Anna Zumbo Rafforzamento delle Organizzazioni e Sviluppo di Comunità Pubblicazioni Interventi Biografia Appassionata di scienze politiche con interesse particolare allo sviluppo dei processi culturali, lavora in Italia ed in paesi dell’Africa francofona e del Centro America nell’ambito dello sviluppo di comunità e del rafforzamento di organizzazioni.  Consulente, facilitatore e formatore lavora con enti pubblici e privati, istituzioni e imprese [&hellip;]</p>

Anna Zumbo Rafforzamento delle Organizzazioni e Sviluppo di Comunità Pubblicazioni Interventi Biografia Appassionata di scienze politiche con interesse particolare allo sviluppo dei processi culturali, lavora in Italia ed in paesi dell’Africa francofona e del Centro America nell’ambito dello sviluppo di comunità e del rafforzamento di organizzazioni.  Consulente, facilitatore e formatore lavora con enti pubblici e privati, istituzioni e imprese&hellip;
